{"id":4293,"date":"2021-02-10T15:28:24","date_gmt":"2021-02-10T12:28:24","guid":{"rendered":"https:\/\/netbone.com.tr\/kurumsal\/?page_id=4293"},"modified":"2022-04-09T16:00:07","modified_gmt":"2022-04-09T13:00:07","slug":"felaket-kurtarma","status":"publish","type":"page","link":"https:\/\/netbone.com.tr\/kurumsal\/felaket-kurtarma\/","title":{"rendered":"Felaket Kurtarma (Disaster Recovery)"},"content":{"rendered":"<p>[vc_row rt_row_background_width=&#8221;default&#8221; rt_row_style=&#8221;default-style&#8221; rt_row_borders=&#8221;&#8221; rt_row_paddings=&#8221;true&#8221; rt_bg_effect=&#8221;classic&#8221; rt_bg_image_repeat=&#8221;repeat&#8221; rt_bg_size=&#8221;cover&#8221; rt_bg_position=&#8221;right top&#8221; rt_bg_attachment=&#8221;scroll&#8221; rt_bg_video_format=&#8221;self-hosted&#8221;][vc_column width=&#8221;1\/2&#8243; rt_wrp_col_paddings=&#8221;false&#8221; rt_border_top=&#8221;&#8221; rt_border_bottom=&#8221;&#8221; rt_border_left=&#8221;&#8221; rt_border_right=&#8221;&#8221; rt_border_top_mobile=&#8221;&#8221; rt_border_bottom_mobile=&#8221;&#8221; rt_border_left_mobile=&#8221;&#8221; rt_border_right_mobile=&#8221;&#8221; rt_bg_image_repeat=&#8221;repeat&#8221; rt_bg_size=&#8221;auto auto&#8221; rt_bg_position=&#8221;right top&#8221; rt_bg_attachment=&#8221;scroll&#8221;][vc_single_image image=&#8221;5342&#8243; img_size=&#8221;450&#215;350&#8243; alignment=&#8221;center&#8221;][\/vc_column][vc_column width=&#8221;1\/2&#8243; rt_wrp_col_paddings=&#8221;false&#8221; rt_border_top=&#8221;&#8221; rt_border_bottom=&#8221;&#8221; rt_border_left=&#8221;&#8221; rt_border_right=&#8221;&#8221; rt_border_top_mobile=&#8221;&#8221; rt_border_bottom_mobile=&#8221;&#8221; rt_border_left_mobile=&#8221;&#8221; rt_border_right_mobile=&#8221;&#8221; rt_bg_image_repeat=&#8221;repeat&#8221; rt_bg_size=&#8221;auto auto&#8221; rt_bg_position=&#8221;right top&#8221; rt_bg_attachment=&#8221;scroll&#8221;][vc_row_inner rt_row_style=&#8221;global-style&#8221; rt_row_borders=&#8221;&#8221; rt_row_paddings=&#8221;true&#8221; rt_bg_effect=&#8221;classic&#8221; rt_bg_image_repeat=&#8221;repeat&#8221; rt_bg_size=&#8221;cover&#8221; rt_bg_position=&#8221;right top&#8221; rt_bg_attachment=&#8221;scroll&#8221; rt_bg_video_format=&#8221;self-hosted&#8221;][vc_column_inner rt_wrp_col_paddings=&#8221;false&#8221; rt_border_top=&#8221;&#8221; rt_border_bottom=&#8221;&#8221; rt_border_left=&#8221;&#8221; rt_border_right=&#8221;&#8221; rt_border_top_mobile=&#8221;&#8221; rt_border_bottom_mobile=&#8221;&#8221; rt_border_left_mobile=&#8221;&#8221; rt_border_right_mobile=&#8221;&#8221; rt_bg_image_repeat=&#8221;repeat&#8221; rt_bg_size=&#8221;auto auto&#8221; rt_bg_position=&#8221;right top&#8221; rt_bg_attachment=&#8221;scroll&#8221;]<div class=\"rt_heading_wrapper \">\n\t\t\t\t\t\t<h1 class=\"rt_heading  \" >Felaket Kurtarma <\/h1>\n\t\t\t\t\t<\/div>[vc_column_text]En h\u0131zl\u0131 ve en sorunsuz \u015fekilde i\u015finizin devaml\u0131l\u0131\u011f\u0131n\u0131 sa\u011flay\u0131n.[\/vc_column_text]<div class=\"button_wrapper  alignleft\"><a  href=\"\" target=\"_self\" title=\"Paketleri G\u00f6r\" class=\"button_  body-font custom big\" style=\"color:#ffffff;background-color:#ee3124;border-color:#ee3124;border-radius:5px;border-width:1px;font-size:14px;\" data-hover-style=\"#ee3124\">Paketleri G\u00f6r<\/a><\/div>[\/vc_column_inner][\/vc_row_inner][vc_empty_space height=&#8221;20&#8243;][vc_row_inner rt_row_style=&#8221;global-style&#8221; rt_row_borders=&#8221;&#8221; rt_row_paddings=&#8221;true&#8221; rt_bg_effect=&#8221;classic&#8221; rt_bg_image_repeat=&#8221;repeat&#8221; rt_bg_size=&#8221;cover&#8221; rt_bg_position=&#8221;right top&#8221; rt_bg_attachment=&#8221;scroll&#8221; rt_bg_video_format=&#8221;self-hosted&#8221;][vc_column_inner width=&#8221;1\/6&#8243; rt_wrp_col_paddings=&#8221;false&#8221; rt_border_top=&#8221;&#8221; rt_border_bottom=&#8221;&#8221; rt_border_left=&#8221;&#8221; rt_border_right=&#8221;&#8221; rt_border_top_mobile=&#8221;&#8221; rt_border_bottom_mobile=&#8221;&#8221; rt_border_left_mobile=&#8221;&#8221; rt_border_right_mobile=&#8221;&#8221; rt_bg_image_repeat=&#8221;repeat&#8221; rt_bg_size=&#8221;auto auto&#8221; rt_bg_position=&#8221;right top&#8221; rt_bg_attachment=&#8221;scroll&#8221;][vc_column_text]<iframe loading=\"lazy\" style=\"border: none; overflow: hidden;\" src=\"https:\/\/www.facebook.com\/plugins\/like.php?href=https%3A%2F%2Fwww.facebook.com%2FNetboneTurkiye&amp;width=90&amp;layout=button_count&amp;action=like&amp;size=small&amp;share=false&amp;height=21&amp;appId\" width=\"90\" height=\"21\" frameborder=\"0\" scrolling=\"no\" allowfullscreen=\"allowfullscreen\"><\/iframe>[\/vc_column_text][\/vc_column_inner][vc_column_inner width=&#8221;1\/6&#8243; rt_wrp_col_paddings=&#8221;false&#8221; rt_border_top=&#8221;&#8221; rt_border_bottom=&#8221;&#8221; rt_border_left=&#8221;&#8221; rt_border_right=&#8221;&#8221; rt_border_top_mobile=&#8221;&#8221; rt_border_bottom_mobile=&#8221;&#8221; rt_border_left_mobile=&#8221;&#8221; rt_border_right_mobile=&#8221;&#8221; rt_bg_image_repeat=&#8221;repeat&#8221; rt_bg_size=&#8221;auto auto&#8221; rt_bg_position=&#8221;right top&#8221; rt_bg_attachment=&#8221;scroll&#8221;][vc_column_text]<a class=\"twitter-share-button\" href=\"https:\/\/twitter.com\/share?ref_src=twsrc%5Etfw\" data-show-count=\"false\">Tweetle<\/a><script async src=\"https:\/\/platform.twitter.com\/widgets.js\" charset=\"utf-8\"><\/script>[\/vc_column_text][\/vc_column_inner][vc_column_inner width=&#8221;1\/6&#8243; rt_wrp_col_paddings=&#8221;false&#8221; rt_border_top=&#8221;&#8221; rt_border_bottom=&#8221;&#8221; rt_border_left=&#8221;&#8221; rt_border_right=&#8221;&#8221; rt_border_top_mobile=&#8221;&#8221; rt_border_bottom_mobile=&#8221;&#8221; rt_border_left_mobile=&#8221;&#8221; rt_border_right_mobile=&#8221;&#8221; rt_bg_image_repeat=&#8221;repeat&#8221; rt_bg_size=&#8221;auto auto&#8221; rt_bg_position=&#8221;right top&#8221; rt_bg_attachment=&#8221;scroll&#8221;][\/vc_column_inner][vc_column_inner width=&#8221;1\/6&#8243; rt_wrp_col_paddings=&#8221;false&#8221; rt_border_top=&#8221;&#8221; rt_border_bottom=&#8221;&#8221; rt_border_left=&#8221;&#8221; rt_border_right=&#8221;&#8221; rt_border_top_mobile=&#8221;&#8221; rt_border_bottom_mobile=&#8221;&#8221; rt_border_left_mobile=&#8221;&#8221; rt_border_right_mobile=&#8221;&#8221; rt_bg_image_repeat=&#8221;repeat&#8221; rt_bg_size=&#8221;auto auto&#8221; rt_bg_position=&#8221;right top&#8221; rt_bg_attachment=&#8221;scroll&#8221;][\/vc_column_inner][vc_column_inner width=&#8221;1\/6&#8243; rt_wrp_col_paddings=&#8221;false&#8221; rt_border_top=&#8221;&#8221; rt_border_bottom=&#8221;&#8221; rt_border_left=&#8221;&#8221; rt_border_right=&#8221;&#8221; rt_border_top_mobile=&#8221;&#8221; rt_border_bottom_mobile=&#8221;&#8221; rt_border_left_mobile=&#8221;&#8221; rt_border_right_mobile=&#8221;&#8221; rt_bg_image_repeat=&#8221;repeat&#8221; rt_bg_size=&#8221;auto auto&#8221; rt_bg_position=&#8221;right top&#8221; rt_bg_attachment=&#8221;scroll&#8221;][\/vc_column_inner][vc_column_inner width=&#8221;1\/6&#8243; rt_wrp_col_paddings=&#8221;false&#8221; rt_border_top=&#8221;&#8221; rt_border_bottom=&#8221;&#8221; rt_border_left=&#8221;&#8221; rt_border_right=&#8221;&#8221; rt_border_top_mobile=&#8221;&#8221; rt_border_bottom_mobile=&#8221;&#8221; rt_border_left_mobile=&#8221;&#8221; rt_border_right_mobile=&#8221;&#8221; rt_bg_image_repeat=&#8221;repeat&#8221; rt_bg_size=&#8221;auto auto&#8221; rt_bg_position=&#8221;right top&#8221; rt_bg_attachment=&#8221;scroll&#8221;][\/vc_column_inner][\/vc_row_inner][\/vc_column][vc_column rt_wrp_col_paddings=&#8221;false&#8221; rt_border_top=&#8221;&#8221; rt_border_bottom=&#8221;&#8221; rt_border_left=&#8221;&#8221; rt_border_right=&#8221;&#8221; rt_border_top_mobile=&#8221;&#8221; rt_border_bottom_mobile=&#8221;&#8221; rt_border_left_mobile=&#8221;&#8221; rt_border_right_mobile=&#8221;&#8221; rt_bg_image_repeat=&#8221;repeat&#8221; rt_bg_size=&#8221;auto auto&#8221; rt_bg_position=&#8221;right top&#8221; rt_bg_attachment=&#8221;scroll&#8221;][vc_empty_space height=&#8221;1&#8243;][vc_separator style=&#8221;style-4&#8243; color=&#8221;#003c71&#8243;][\/vc_column][\/vc_row][vc_row rt_row_background_width=&#8221;default&#8221; rt_row_style=&#8221;default-style&#8221; rt_row_borders=&#8221;&#8221; rt_row_paddings=&#8221;true&#8221; rt_bg_effect=&#8221;classic&#8221; rt_bg_image_repeat=&#8221;repeat&#8221; rt_bg_size=&#8221;cover&#8221; rt_bg_position=&#8221;right top&#8221; rt_bg_attachment=&#8221;scroll&#8221; rt_bg_video_format=&#8221;self-hosted&#8221;][vc_column rt_wrp_col_paddings=&#8221;false&#8221; rt_border_top=&#8221;&#8221; rt_border_bottom=&#8221;&#8221; rt_border_left=&#8221;&#8221; rt_border_right=&#8221;&#8221; rt_border_top_mobile=&#8221;&#8221; rt_border_bottom_mobile=&#8221;&#8221; rt_border_left_mobile=&#8221;&#8221; rt_border_right_mobile=&#8221;&#8221; rt_bg_image_repeat=&#8221;repeat&#8221; rt_bg_size=&#8221;auto auto&#8221; rt_bg_position=&#8221;right top&#8221; rt_bg_attachment=&#8221;scroll&#8221;][vc_column_text]Do\u011fal afetlerden kaynaklanan ola\u011fan\u00fcst\u00fc durumlarda veya ki\u015fi bazl\u0131 olu\u015fan sorunlarda kurumlar\u0131n teknoloji altyap\u0131s\u0131n\u0131 kurtarma ve devaml\u0131l\u0131\u011f\u0131n\u0131 sa\u011flama kurumlar i\u00e7in hayati \u00f6nem ta\u015f\u0131r. Bir\u00e7ok sekt\u00f6rde i\u015f s\u00fcre\u00e7leri ve BT sistemleri o kadar i\u00e7 i\u00e7e girmi\u015ftir ki, sistemlerin durmas\u0131 y\u00fcksek maliyetlerle sonu\u00e7lanabilmektedir. \u0130\u015f s\u00fcreklili\u011finin sa\u011flanmas\u0131 i\u00e7in verilerin s\u00fcrd\u00fcrebilirli\u011finin ve IT altyap\u0131lar\u0131n\u0131n g\u00fcvenli\u011finin sa\u011flanmas\u0131 i\u00e7in kullan\u0131lan s\u00fcre\u00e7 ve y\u00f6ntemler Felaket Kurtarma hizmetlerini ifade eder.<\/p>\n<p>Olas\u0131 sorunlar\u0131 planlama i\u015flemine \u2018\u0130\u015f S\u00fcreklili\u011fi Planlama\u2019 denir. Bu planlama a\u015famas\u0131nda, \u00f6ncelikle, olas\u0131 tehditler ve riskler belirlenip, yine bu risklerin ger\u00e7ekle\u015fme ihtimalleri ve etkileri incelenerek, al\u0131nmas\u0131 gereken \u00f6nlemler tespit edilir.<\/p>\n<p>\u0130\u015f S\u00fcreklili\u011fi Planlama\u2019n\u0131n a\u015famalar\u0131ndan biri de \u201cFelaket Kurtarma Planlamas\u0131\u201dd\u0131r. Felaket Kurtarma, bir \u015fekilde kurum sistemlerinin \u00e7al\u0131\u015famaz hale gelmesi durumlar\u0131nda, sistemlerin tekrar \u00e7al\u0131\u015f\u0131r hale getirilmesi i\u00e7in at\u0131lmas\u0131 gereken ad\u0131mlar\u0131 belirleyerek gerekli altyap\u0131y\u0131 planlar.<\/p>\n<p>Felaket Kurtarma, kurum BT sistemlerinden hayati olanlar\u0131n \u00e7al\u0131\u015f\u0131r tutulmas\u0131 veya k\u0131sa s\u00fcrede \u00e7al\u0131\u015f\u0131r hale getirilmesini ama\u00e7lar. Bunun i\u00e7in \u00f6ncelikle kurum BT yaz\u0131l\u0131m ve donan\u0131m sistemlerinin \u00f6nem bak\u0131m\u0131ndan derecelendirilmesi yap\u0131l\u0131r. Sistemlerin maksimum ne kadar s\u00fcre kapal\u0131 kalabilece\u011fi belirlenir. Bunun sa\u011fl\u0131kl\u0131 bir \u015fekilde yap\u0131lmas\u0131 Felaket Kurtarma sisteminin maliyetleri a\u00e7\u0131s\u0131ndan \u00e7ok \u00f6nemlidir. Bu \u00e7al\u0131\u015fma sonucunda \u015funa benzer bir tablo olu\u015fturulur:<\/p>\n<p>&nbsp;<\/p>\n<h3>Felaket An\u0131nda Bir G\u00fcn \u0130\u00e7inde \u00c7al\u0131\u015ft\u0131r\u0131lmas\u0131 Gereken Sistemler<\/h3>\n<p>&nbsp;<\/p>\n<p>\u25cf Active Directory<br \/>\n\u25cf Veritaban\u0131 Sunucusu<br \/>\n\u25cf Uygulama Sunucusu<br \/>\n\u25cf Terminal Sunucu<br \/>\n\u25cf Muhasebe Yaz\u0131l\u0131m\u0131<br \/>\n\u25cf \u0130nternet Eri\u015fimli Mail Sunucusu<\/p>\n<p>&nbsp;<\/p>\n<h3>Felaket An\u0131nda Bir Hafta \u0130\u00e7inde \u00c7al\u0131\u015ft\u0131r\u0131lmas\u0131 Gereken Sistemler<\/h3>\n<p>&nbsp;<\/p>\n<p>\u25cf Dok\u00fcman Y\u00f6netim Sistemi<br \/>\n\u25cf \u0130nsan Kaynaklar\u0131 Sistemi<br \/>\n\u25cf Antivir\u00fcs ve Windows G\u00fcncelleme Sunucu<br \/>\n\u25cf SSL \u2013 VPN Sistemi<br \/>\n\u25cf Fax Sunucusu<br \/>\n\u25cf Anti \u2013 Spam Sistemi<\/p>\n<p>&nbsp;<\/p>\n<h3>Felaket An\u0131nda 30 G\u00fcn \u0130\u00e7inde \u00c7al\u0131\u015ft\u0131r\u0131lmas\u0131 Gereken Sistemler<\/h3>\n<p>&nbsp;<\/p>\n<p>\u25cf A\u011f \u0130zleme Sistemi<br \/>\n\u25cf Ar\u015fiv Sistemi<\/p>\n<p>&nbsp;<\/p>\n<h3>Felaket Kurtarma \u00c7\u00f6z\u00fcmlerinin Avantajlar\u0131 (ICON)<\/h3>\n<p>&nbsp;<\/p>\n<p>\u25cf \u0130\u015f s\u00fcreklili\u011fi<br \/>\n\u25cf Veri kayb\u0131 riski kalkar<br \/>\n\u25cf Felaket durumunda i\u015fletmenizin zarar g\u00f6rmeden devaml\u0131l\u0131\u011f\u0131 sa\u011flan\u0131r.<br \/>\n\u25cf Sistemlerin \u00e7al\u0131\u015fabilir \u015fekilde kalmas\u0131 sa\u011fland\u0131\u011f\u0131ndan dolay\u0131 maliyetler d\u00fc\u015f\u00fcr\u00fcl\u00fcr ve rekabet avantaj\u0131 sa\u011flan\u0131r.<br \/>\n\u25cf Talep do\u011frultusunda, istenilen bilgiye 7*24 eri\u015fim ger\u00e7ekle\u015ftirilebilir.<\/p>\n<p>Hedefimiz, ola\u011fan\u00fcst\u00fc bir durumda m\u00fcmk\u00fcn olan en h\u0131zl\u0131 ve en sorunsuz \u015fekilde operasyonun devaml\u0131l\u0131\u011f\u0131n\u0131 sa\u011flamak ve veri kayb\u0131 gibi \u00f6nemli risklerin ya\u015fanmamas\u0131 i\u00e7in ilgili sistemlerin en k\u0131sa s\u00fcrede devreye al\u0131nmas\u0131d\u0131r.<\/p>\n<p>Felaket kurtarma planlamas\u0131yla belirlenen sistemlerde ve belirlenen hedef s\u00fcrelerde i\u015f s\u00fcreklili\u011finin sa\u011flanmas\u0131 i\u00e7in felaket \u00f6nleme \u00e7\u00f6z\u00fcm\u00fcm\u00fcz\u00fc uzman teknik kadromuz ve lokal &amp; global teknoloji i\u015f ortaklar\u0131m\u0131zla kurumlara sunuyoruz.[\/vc_column_text][\/vc_column][\/vc_row]<\/p>\n","protected":false},"excerpt":{"rendered":"<p>[vc_row rt_row_background_width=&#8221;default&#8221; rt_row_style=&#8221;default-style&#8221; rt_row_borders=&#8221;&#8221; rt_row_paddings=&#8221;true&#8221; rt_bg_effect=&#8221;classic&#8221; rt_bg_image_repeat=&#8221;repeat&#8221; rt_bg_size=&#8221;cover&#8221; rt_bg_position=&#8221;right top&#8221; rt_bg_attachment=&#8221;scroll&#8221; rt_bg_video_format=&#8221;self-hosted&#8221;][vc_column width=&#8221;1\/2&#8243; rt_wrp_col_paddings=&#8221;false&#8221; rt_border_top=&#8221;&#8221; rt_border_bottom=&#8221;&#8221; rt_border_left=&#8221;&#8221; rt_border_right=&#8221;&#8221; rt_border_top_mobile=&#8221;&#8221; rt_border_bottom_mobile=&#8221;&#8221; rt_border_left_mobile=&#8221;&#8221; rt_border_right_mobile=&#8221;&#8221; rt_bg_image_repeat=&#8221;repeat&#8221; rt_bg_size=&#8221;auto auto&#8221; rt_bg_position=&#8221;right top&#8221; rt_bg_attachment=&#8221;scroll&#8221;][vc_single_image image=&#8221;5342&#8243; img_size=&#8221;450&#215;350&#8243; alignment=&#8221;center&#8221;][\/vc_column][vc_column width=&#8221;1\/2&#8243; rt_wrp_col_paddings=&#8221;false&#8221; rt_border_top=&#8221;&#8221; rt_border_bottom=&#8221;&#8221; rt_border_left=&#8221;&#8221; rt_border_right=&#8221;&#8221; rt_border_top_mobile=&#8221;&#8221; rt_border_bottom_mobile=&#8221;&#8221; rt_border_left_mobile=&#8221;&#8221; rt_border_right_mobile=&#8221;&#8221; rt_bg_image_repeat=&#8221;repeat&#8221; rt_bg_size=&#8221;auto auto&#8221; rt_bg_position=&#8221;right top&#8221; rt_bg_attachment=&#8221;scroll&#8221;][vc_row_inner rt_row_style=&#8221;global-style&#8221; rt_row_borders=&#8221;&#8221; rt_row_paddings=&#8221;true&#8221; rt_bg_effect=&#8221;classic&#8221; rt_bg_image_repeat=&#8221;repeat&#8221; rt_bg_size=&#8221;cover&#8221; rt_bg_position=&#8221;right top&#8221; [&hellip;]<\/p>\n","protected":false},"author":1,"featured_media":0,"parent":0,"menu_order":0,"comment_status":"closed","ping_status":"closed","template":"","meta":{"footnotes":""},"class_list":["post-4293","page","type-page","status-publish","hentry"],"_links":{"self":[{"href":"https:\/\/netbone.com.tr\/kurumsal\/wp-json\/wp\/v2\/pages\/4293","targetHints":{"allow":["GET"]}}],"collection":[{"href":"https:\/\/netbone.com.tr\/kurumsal\/wp-json\/wp\/v2\/pages"}],"about":[{"href":"https:\/\/netbone.com.tr\/kurumsal\/wp-json\/wp\/v2\/types\/page"}],"author":[{"embeddable":true,"href":"https:\/\/netbone.com.tr\/kurumsal\/wp-json\/wp\/v2\/users\/1"}],"replies":[{"embeddable":true,"href":"https:\/\/netbone.com.tr\/kurumsal\/wp-json\/wp\/v2\/comments?post=4293"}],"version-history":[{"count":20,"href":"https:\/\/netbone.com.tr\/kurumsal\/wp-json\/wp\/v2\/pages\/4293\/revisions"}],"predecessor-version":[{"id":5414,"href":"https:\/\/netbone.com.tr\/kurumsal\/wp-json\/wp\/v2\/pages\/4293\/revisions\/5414"}],"wp:attachment":[{"href":"https:\/\/netbone.com.tr\/kurumsal\/wp-json\/wp\/v2\/media?parent=4293"}],"curies":[{"name":"wp","href":"https:\/\/api.w.org\/{rel}","templated":true}]}}