{"id":4615,"date":"2021-02-15T00:45:45","date_gmt":"2021-02-14T21:45:45","guid":{"rendered":"https:\/\/netbone.com.tr\/kurumsal\/?page_id=4615"},"modified":"2021-03-04T15:39:50","modified_gmt":"2021-03-04T12:39:50","slug":"temel-e-posta-destek","status":"publish","type":"page","link":"https:\/\/netbone.com.tr\/kurumsal\/yardim\/netbone-bulut\/temel-e-posta-destek\/","title":{"rendered":"Temel E-Posta Destek"},"content":{"rendered":"<p>[vc_row rt_row_background_width=&#8221;default&#8221; rt_row_style=&#8221;default-style&#8221; rt_row_borders=&#8221;&#8221; rt_row_paddings=&#8221;true&#8221; rt_bg_effect=&#8221;classic&#8221; rt_bg_image_repeat=&#8221;repeat&#8221; rt_bg_size=&#8221;cover&#8221; rt_bg_position=&#8221;right top&#8221; rt_bg_attachment=&#8221;scroll&#8221; rt_bg_video_format=&#8221;self-hosted&#8221;][vc_column rt_wrp_col_paddings=&#8221;false&#8221; rt_border_top=&#8221;&#8221; rt_border_bottom=&#8221;&#8221; rt_border_left=&#8221;&#8221; rt_border_right=&#8221;&#8221; rt_border_top_mobile=&#8221;&#8221; rt_border_bottom_mobile=&#8221;&#8221; rt_border_left_mobile=&#8221;&#8221; rt_border_right_mobile=&#8221;&#8221; rt_bg_image_repeat=&#8221;repeat&#8221; rt_bg_size=&#8221;auto auto&#8221; rt_bg_position=&#8221;right top&#8221; rt_bg_attachment=&#8221;scroll&#8221;]<div class=\"rt_heading_wrapper \">\n\t\t\t\t\t\t<h1 class=\"rt_heading  \" >Temel E-Posta<\/h1>\n\t\t\t\t\t<\/div>[\/vc_column][\/vc_row][vc_row rt_row_background_width=&#8221;default&#8221; rt_row_style=&#8221;default-style&#8221; rt_row_borders=&#8221;&#8221; rt_row_paddings=&#8221;true&#8221; rt_bg_effect=&#8221;classic&#8221; rt_bg_image_repeat=&#8221;repeat&#8221; rt_bg_size=&#8221;cover&#8221; rt_bg_position=&#8221;right top&#8221; rt_bg_attachment=&#8221;scroll&#8221; rt_bg_video_format=&#8221;self-hosted&#8221;][vc_column rt_wrp_col_paddings=&#8221;false&#8221; rt_border_top=&#8221;&#8221; rt_border_bottom=&#8221;&#8221; rt_border_left=&#8221;&#8221; rt_border_right=&#8221;&#8221; rt_border_top_mobile=&#8221;&#8221; rt_border_bottom_mobile=&#8221;&#8221; rt_border_left_mobile=&#8221;&#8221; rt_border_right_mobile=&#8221;&#8221; rt_bg_image_repeat=&#8221;repeat&#8221; rt_bg_size=&#8221;auto auto&#8221; rt_bg_position=&#8221;right top&#8221; rt_bg_attachment=&#8221;scroll&#8221;][vc_tta_accordion style=&#8221;modern&#8221; active_section=&#8221;0&#8243; collapsible_all=&#8221;true&#8221;][vc_tta_section title=&#8221;Hizmetten faydalanmak i\u00e7in Netbone ADSL, fiber ya da di\u011fer bir internet aboneli\u011fi zorunlulu\u011fu var m\u0131?&#8221; tab_id=&#8221;hizmetten-faydalanmak-icin-netbone-adsl-fiber-yada-diger-bir-internet&#8221;][vc_column_text]Hay\u0131r, Netbone Kurumsal E-Posta Hizmetinden yararlanmak i\u00e7in di\u011fer hizmetlerde abonelik zorunlulu\u011fu aranmaz.[\/vc_column_text][\/vc_tta_section][vc_tta_section title=&#8221;Kurulum \u00fccreti al\u0131nacak m\u0131?&#8221; tab_id=&#8221;kurulum-ucreti-alinacak-mi&#8221;][vc_column_text]Servisin hizmete al\u0131nmas\u0131ndan sonra herhangi bir kurulum gerekmemektedir. M\u00fc\u015fteriler kendilerine verilecek adreslerden hizmeti kullanmaya ba\u015flayabileceklerdir.[\/vc_column_text][\/vc_tta_section][vc_tta_section title=&#8221;Hizmeti sat\u0131n ald\u0131ktan ka\u00e7 g\u00fcn i\u00e7inde \u00e7al\u0131\u015fmaya ba\u015flayacakt\u0131r?&#8221; tab_id=&#8221;hizmeti-satin-aldiktan-kac-gun-icinde-calismaya-baslayacaktir&#8221;][vc_column_text]Hizmeti sat\u0131n ald\u0131ktan sonra 24 saat i\u00e7erisinde hizmetiniz aktif hale gelmi\u015f olacakt\u0131r.[\/vc_column_text][\/vc_tta_section][vc_tta_section title=&#8221;Hizmeti nerelerden sat\u0131n alabilirim?&#8221; tab_id=&#8221;hizmeti-nerelerden-satin-alabilirim&#8221;][vc_column_text]Ba\u015fvurmak i\u00e7in online ba\u015fvuru<a href=\"https:\/\/www.turkcell.com.tr\/tr\/kurumsal\/form\/kurumsal-urun-basvuru-formu?urun=temel-e-posta&amp;tpid=113&amp;ch=sol\">\u200b<\/a> formunu doldurabilir, ya da Netbone Kurumsal Merkezleri ve kurumsal sat\u0131\u015f temsilcileri ile irtibata ge\u00e7ebilirsiniz. Ayr\u0131ca 0 850 837 0 837\u00a0 Netbone Kurumsal M\u00fc\u015fteri Hizmetleri\u2019nden talepte bulunabilirsiniz.[\/vc_column_text][\/vc_tta_section][vc_tta_section title=&#8221;Di\u011fer E-posta paketlerinden Turkcell Superonline Kurumsal E-Posta hizmetine ge\u00e7i\u015f&#8221; tab_id=&#8221;diger-eposta-paketlerinden-netbone-kurumsal-eposta-hizmetine-gecis&#8221;][vc_column_text]\u015eu anda m\u00fc\u015fterilerimizin hizmet ald\u0131\u011f\u0131 di\u011fer e-posta servisleri y\u0131ll\u0131k \u00f6deme usul\u00fc ile \u00e7al\u0131\u015ft\u0131\u011f\u0131 i\u00e7in Netbone Kurumsal E-Posta hizmetine ge\u00e7i\u015f ancak hali haz\u0131rda s\u00fcrmekte olan e-posta paketinin bitiminde ger\u00e7ekle\u015febilmektedir. \u00d6nceki mailleriniz yeni sisteme aktar\u0131lamaz.[\/vc_column_text][\/vc_tta_section][vc_tta_section title=&#8221;Hizmet \u015fartlar\u0131 nelerdir?&#8221; tab_id=&#8221;hizmet-sartlari-nelerdir&#8221;][vc_column_text]Hizmete dahil olmak isteyen m\u00fc\u015fteriler 1 y\u0131l boyunca belirtilen \u00fccreti \u00f6demeyi taahh\u00fct ederler. Al\u0131nan e-posta hizmeti 1 y\u0131l s\u00fcreyle d\u00fc\u015f\u00fck ya da y\u00fcksek \u00f6zellikli e-posta hizmetlerine ge\u00e7irilemez. 1 y\u0131ll\u0131k taahh\u00fct s\u00fcresi dolmadan hizmetten ayr\u0131lmak isteyen m\u00fc\u015fteriler s\u00f6zle\u015fmede yazan cezai \u015fartlar\u0131 kar\u015f\u0131lamakla y\u00fck\u00fcml\u00fcd\u00fcrler. Bu kampanyadan yeni aboneler faydalanabilirler.[\/vc_column_text][\/vc_tta_section][vc_tta_section title=&#8221;Netbone Kurumsal E-posta hizmeti hangi altyap\u0131y\u0131 kullanmaktad\u0131r?&#8221; tab_id=&#8221;netbone-kurumsal-eposta-hizmeti-hangi-altyapiyi-kullanmaktadir&#8221;][vc_column_text]Hizmette Netbone\u2019a ait Microsoft Exchange sunucular\u0131 kullan\u0131lmaktad\u0131r.[\/vc_column_text][\/vc_tta_section][vc_tta_section title=&#8221;Sa\u011flanan e-posta hizmetlerinin \u00f6zellikleri nedir?&#8221; tab_id=&#8221;saglanan-eposta-hizmetlerinin-ozellikleri-nedir&#8221;][vc_column_text][\/vc_column_text][\/vc_tta_section][vc_tta_section title=&#8221;E-posta hesaplar\u0131 nereden y\u00f6netilmektedir?&#8221; tab_id=&#8221;eposta-hesaplari-nereden-yonetilmektedir&#8221;][vc_column_text][\/vc_column_text][\/vc_tta_section][vc_tta_section title=&#8221;Kullan\u0131c\u0131lar E-postalar\u0131na nas\u0131l eri\u015febilirler?&#8221; tab_id=&#8221;kullanicilar-epostalarina-nasil-erisebilirler&#8221;][\/vc_tta_section][\/vc_tta_accordion][\/vc_column][\/vc_row]<\/p>\n","protected":false},"excerpt":{"rendered":"<p>[vc_row rt_row_background_width=&#8221;default&#8221; rt_row_style=&#8221;default-style&#8221; rt_row_borders=&#8221;&#8221; rt_row_paddings=&#8221;true&#8221; rt_bg_effect=&#8221;classic&#8221; rt_bg_image_repeat=&#8221;repeat&#8221; rt_bg_size=&#8221;cover&#8221; rt_bg_position=&#8221;right top&#8221; rt_bg_attachment=&#8221;scroll&#8221; rt_bg_video_format=&#8221;self-hosted&#8221;][vc_column rt_wrp_col_paddings=&#8221;false&#8221; rt_border_top=&#8221;&#8221; rt_border_bottom=&#8221;&#8221; rt_border_left=&#8221;&#8221; rt_border_right=&#8221;&#8221; rt_border_top_mobile=&#8221;&#8221; rt_border_bottom_mobile=&#8221;&#8221; rt_border_left_mobile=&#8221;&#8221; rt_border_right_mobile=&#8221;&#8221; rt_bg_image_repeat=&#8221;repeat&#8221; rt_bg_size=&#8221;auto auto&#8221; rt_bg_position=&#8221;right top&#8221; rt_bg_attachment=&#8221;scroll&#8221;][\/vc_column][\/vc_row][vc_row rt_row_background_width=&#8221;default&#8221; rt_row_style=&#8221;default-style&#8221; rt_row_borders=&#8221;&#8221; rt_row_paddings=&#8221;true&#8221; rt_bg_effect=&#8221;classic&#8221; rt_bg_image_repeat=&#8221;repeat&#8221; rt_bg_size=&#8221;cover&#8221; rt_bg_position=&#8221;right top&#8221; rt_bg_attachment=&#8221;scroll&#8221; rt_bg_video_format=&#8221;self-hosted&#8221;][vc_column rt_wrp_col_paddings=&#8221;false&#8221; rt_border_top=&#8221;&#8221; rt_border_bottom=&#8221;&#8221; rt_border_left=&#8221;&#8221; rt_border_right=&#8221;&#8221; rt_border_top_mobile=&#8221;&#8221; rt_border_bottom_mobile=&#8221;&#8221; rt_border_left_mobile=&#8221;&#8221; rt_border_right_mobile=&#8221;&#8221; rt_bg_image_repeat=&#8221;repeat&#8221; rt_bg_size=&#8221;auto auto&#8221; rt_bg_position=&#8221;right top&#8221; rt_bg_attachment=&#8221;scroll&#8221;][vc_tta_accordion style=&#8221;modern&#8221; active_section=&#8221;0&#8243; [&hellip;]<\/p>\n","protected":false},"author":1,"featured_media":0,"parent":4454,"menu_order":0,"comment_status":"closed","ping_status":"closed","template":"","meta":{"footnotes":""},"class_list":["post-4615","page","type-page","status-publish","hentry"],"_links":{"self":[{"href":"https:\/\/netbone.com.tr\/kurumsal\/wp-json\/wp\/v2\/pages\/4615","targetHints":{"allow":["GET"]}}],"collection":[{"href":"https:\/\/netbone.com.tr\/kurumsal\/wp-json\/wp\/v2\/pages"}],"about":[{"href":"https:\/\/netbone.com.tr\/kurumsal\/wp-json\/wp\/v2\/types\/page"}],"author":[{"embeddable":true,"href":"https:\/\/netbone.com.tr\/kurumsal\/wp-json\/wp\/v2\/users\/1"}],"replies":[{"embeddable":true,"href":"https:\/\/netbone.com.tr\/kurumsal\/wp-json\/wp\/v2\/comments?post=4615"}],"version-history":[{"count":4,"href":"https:\/\/netbone.com.tr\/kurumsal\/wp-json\/wp\/v2\/pages\/4615\/revisions"}],"predecessor-version":[{"id":5089,"href":"https:\/\/netbone.com.tr\/kurumsal\/wp-json\/wp\/v2\/pages\/4615\/revisions\/5089"}],"up":[{"embeddable":true,"href":"https:\/\/netbone.com.tr\/kurumsal\/wp-json\/wp\/v2\/pages\/4454"}],"wp:attachment":[{"href":"https:\/\/netbone.com.tr\/kurumsal\/wp-json\/wp\/v2\/media?parent=4615"}],"curies":[{"name":"wp","href":"https:\/\/api.w.org\/{rel}","templated":true}]}}