{"id":4622,"date":"2021-02-15T00:50:47","date_gmt":"2021-02-14T21:50:47","guid":{"rendered":"https:\/\/netbone.com.tr\/kurumsal\/?page_id=4622"},"modified":"2021-03-04T15:35:09","modified_gmt":"2021-03-04T12:35:09","slug":"netbone-bulut-destek","status":"publish","type":"page","link":"https:\/\/netbone.com.tr\/kurumsal\/yardim\/netbone-bulut\/netbone-bulut-destek\/","title":{"rendered":"Netbone Bulut Destek"},"content":{"rendered":"<p>[vc_row rt_row_background_width=&#8221;default&#8221; rt_row_style=&#8221;default-style&#8221; rt_row_borders=&#8221;&#8221; rt_row_paddings=&#8221;true&#8221; rt_bg_effect=&#8221;classic&#8221; rt_bg_image_repeat=&#8221;repeat&#8221; rt_bg_size=&#8221;cover&#8221; rt_bg_position=&#8221;right top&#8221; rt_bg_attachment=&#8221;scroll&#8221; rt_bg_video_format=&#8221;self-hosted&#8221;][vc_column rt_wrp_col_paddings=&#8221;false&#8221; rt_border_top=&#8221;&#8221; rt_border_bottom=&#8221;&#8221; rt_border_left=&#8221;&#8221; rt_border_right=&#8221;&#8221; rt_border_top_mobile=&#8221;&#8221; rt_border_bottom_mobile=&#8221;&#8221; rt_border_left_mobile=&#8221;&#8221; rt_border_right_mobile=&#8221;&#8221; rt_bg_image_repeat=&#8221;repeat&#8221; rt_bg_size=&#8221;auto auto&#8221; rt_bg_position=&#8221;right top&#8221; rt_bg_attachment=&#8221;scroll&#8221;]<div class=\"rt_heading_wrapper \">\n\t\t\t\t\t\t<h1 class=\"rt_heading  \" >Netbone Bulut<\/h1>\n\t\t\t\t\t<\/div>[\/vc_column][\/vc_row][vc_row rt_row_background_width=&#8221;default&#8221; rt_row_style=&#8221;default-style&#8221; rt_row_borders=&#8221;&#8221; rt_row_paddings=&#8221;true&#8221; rt_bg_effect=&#8221;classic&#8221; rt_bg_image_repeat=&#8221;repeat&#8221; rt_bg_size=&#8221;cover&#8221; rt_bg_position=&#8221;right top&#8221; rt_bg_attachment=&#8221;scroll&#8221; rt_bg_video_format=&#8221;self-hosted&#8221;][vc_column rt_wrp_col_paddings=&#8221;false&#8221; rt_border_top=&#8221;&#8221; rt_border_bottom=&#8221;&#8221; rt_border_left=&#8221;&#8221; rt_border_right=&#8221;&#8221; rt_border_top_mobile=&#8221;&#8221; rt_border_bottom_mobile=&#8221;&#8221; rt_border_left_mobile=&#8221;&#8221; rt_border_right_mobile=&#8221;&#8221; rt_bg_image_repeat=&#8221;repeat&#8221; rt_bg_size=&#8221;auto auto&#8221; rt_bg_position=&#8221;right top&#8221; rt_bg_attachment=&#8221;scroll&#8221;][vc_tta_accordion style=&#8221;modern&#8221; active_section=&#8221;0&#8243; collapsible_all=&#8221;true&#8221;][vc_tta_section title=&#8221;Netbone Bulut nedir?&#8221; tab_id=&#8221;netbone-bulut-nedir&#8221;][vc_column_text]Netbone Bulut, Netbone Telekom\u00fcnikasyon A.\u015e. nin sahip olduklar\u0131 teknolojik altyap\u0131lar\u0131 kullanarak, kurumsal m\u00fc\u015fterilerine sunduklar\u0131 bili\u015fim hizmetlerinin ortak ad\u0131d\u0131r.[\/vc_column_text][\/vc_tta_section][vc_tta_section title=&#8221;Netbone Bulut altyap\u0131s\u0131 nerede bulunmaktad\u0131r?&#8221; tab_id=&#8221;netbone-bulut-altyapisi-nerede-bulunmaktadir&#8221;][vc_column_text]Sistem altyap\u0131m\u0131z T\u00fcrkiye\u2019deki veri merkezlerimizde bulunmaktad\u0131r.[\/vc_column_text][\/vc_tta_section][vc_tta_section title=&#8221;Netbone Bulut\u2019taki hizmetler hakk\u0131nda detayl\u0131 bilgiye nerden ula\u015fabilirim?&#8221; tab_id=&#8221;netbone-buluttaki-hizmetler-hakkinda-detayli-bilgiye-nerden-ulasabilirim&#8221;][vc_column_text]www.netbone.com.tr sayfas\u0131ndaki linklerden a\u00e7\u0131klamalar\u0131 inceleyebilir, sat\u0131n alma ger\u00e7ekle\u015ftirebilir, 0 850 839 0 839&#8217;u tu\u015flayarak M\u00fc\u015fteri Hizmetleri\u2019nden bilgi alabilir veya m\u00fc\u015fteri y\u00f6neticinize dan\u0131\u015fabilirsiniz.[\/vc_column_text][\/vc_tta_section][vc_tta_section title=&#8221;Netbone Bulut\u2019un di\u011fer benzer hizmetlerden fark\u0131 nedir?&#8221; tab_id=&#8221;netbone-bulutun-diger-benzer-hizmetlerden-farki-nedir&#8221;][vc_column_text]Netbone\u2019un y\u00fcksek internet h\u0131z\u0131, yetkin bilgi teknolojileri uzmanl\u0131\u011f\u0131, \u00fclkemiz s\u0131n\u0131rlar\u0131 i\u00e7erisindeki yeni nesil veri merkezleri, \u00e7a\u011fr\u0131 merkezimiz ve her an eri\u015febilir sahadaki kurumsal m\u00fc\u015fteri temsilcilerimiz ile sundu\u011fumuz h\u0131z, maliyet ve kolayl\u0131k.[\/vc_column_text][\/vc_tta_section][vc_tta_section title=&#8221;Hizmetlerimin g\u00fcvenli\u011fini nas\u0131l sa\u011fl\u0131yorsunuz?&#8221; tab_id=&#8221;hizmetlerimiz-guvenligini-nasil-sagliyorsunuz&#8221;][vc_column_text]Sistemlerimiz ISO 27001 bilgi g\u00fcvenli\u011fi sertifikal\u0131 kendi veri merkezlerimizde bulunmaktad\u0131r. Fiziksel g\u00fcvenlik tedbirleri Netbone standardlar\u0131nda sa\u011flanmaktad\u0131r.[\/vc_column_text][\/vc_tta_section][\/vc_tta_accordion][\/vc_column][\/vc_row]<\/p>\n","protected":false},"excerpt":{"rendered":"<p>[vc_row rt_row_background_width=&#8221;default&#8221; rt_row_style=&#8221;default-style&#8221; rt_row_borders=&#8221;&#8221; rt_row_paddings=&#8221;true&#8221; rt_bg_effect=&#8221;classic&#8221; rt_bg_image_repeat=&#8221;repeat&#8221; rt_bg_size=&#8221;cover&#8221; rt_bg_position=&#8221;right top&#8221; rt_bg_attachment=&#8221;scroll&#8221; rt_bg_video_format=&#8221;self-hosted&#8221;][vc_column rt_wrp_col_paddings=&#8221;false&#8221; rt_border_top=&#8221;&#8221; rt_border_bottom=&#8221;&#8221; rt_border_left=&#8221;&#8221; rt_border_right=&#8221;&#8221; rt_border_top_mobile=&#8221;&#8221; rt_border_bottom_mobile=&#8221;&#8221; rt_border_left_mobile=&#8221;&#8221; rt_border_right_mobile=&#8221;&#8221; rt_bg_image_repeat=&#8221;repeat&#8221; rt_bg_size=&#8221;auto auto&#8221; rt_bg_position=&#8221;right top&#8221; rt_bg_attachment=&#8221;scroll&#8221;][\/vc_column][\/vc_row][vc_row rt_row_background_width=&#8221;default&#8221; rt_row_style=&#8221;default-style&#8221; rt_row_borders=&#8221;&#8221; rt_row_paddings=&#8221;true&#8221; rt_bg_effect=&#8221;classic&#8221; rt_bg_image_repeat=&#8221;repeat&#8221; rt_bg_size=&#8221;cover&#8221; rt_bg_position=&#8221;right top&#8221; rt_bg_attachment=&#8221;scroll&#8221; rt_bg_video_format=&#8221;self-hosted&#8221;][vc_column rt_wrp_col_paddings=&#8221;false&#8221; rt_border_top=&#8221;&#8221; rt_border_bottom=&#8221;&#8221; rt_border_left=&#8221;&#8221; rt_border_right=&#8221;&#8221; rt_border_top_mobile=&#8221;&#8221; rt_border_bottom_mobile=&#8221;&#8221; rt_border_left_mobile=&#8221;&#8221; rt_border_right_mobile=&#8221;&#8221; rt_bg_image_repeat=&#8221;repeat&#8221; rt_bg_size=&#8221;auto auto&#8221; rt_bg_position=&#8221;right top&#8221; rt_bg_attachment=&#8221;scroll&#8221;][vc_tta_accordion style=&#8221;modern&#8221; active_section=&#8221;0&#8243; [&hellip;]<\/p>\n","protected":false},"author":1,"featured_media":0,"parent":4454,"menu_order":0,"comment_status":"closed","ping_status":"closed","template":"","meta":{"footnotes":""},"class_list":["post-4622","page","type-page","status-publish","hentry"],"_links":{"self":[{"href":"https:\/\/netbone.com.tr\/kurumsal\/wp-json\/wp\/v2\/pages\/4622","targetHints":{"allow":["GET"]}}],"collection":[{"href":"https:\/\/netbone.com.tr\/kurumsal\/wp-json\/wp\/v2\/pages"}],"about":[{"href":"https:\/\/netbone.com.tr\/kurumsal\/wp-json\/wp\/v2\/types\/page"}],"author":[{"embeddable":true,"href":"https:\/\/netbone.com.tr\/kurumsal\/wp-json\/wp\/v2\/users\/1"}],"replies":[{"embeddable":true,"href":"https:\/\/netbone.com.tr\/kurumsal\/wp-json\/wp\/v2\/comments?post=4622"}],"version-history":[{"count":4,"href":"https:\/\/netbone.com.tr\/kurumsal\/wp-json\/wp\/v2\/pages\/4622\/revisions"}],"predecessor-version":[{"id":5085,"href":"https:\/\/netbone.com.tr\/kurumsal\/wp-json\/wp\/v2\/pages\/4622\/revisions\/5085"}],"up":[{"embeddable":true,"href":"https:\/\/netbone.com.tr\/kurumsal\/wp-json\/wp\/v2\/pages\/4454"}],"wp:attachment":[{"href":"https:\/\/netbone.com.tr\/kurumsal\/wp-json\/wp\/v2\/media?parent=4622"}],"curies":[{"name":"wp","href":"https:\/\/api.w.org\/{rel}","templated":true}]}}