{"id":4634,"date":"2021-02-15T01:00:15","date_gmt":"2021-02-14T22:00:15","guid":{"rendered":"https:\/\/netbone.com.tr\/kurumsal\/?page_id=4634"},"modified":"2021-03-04T15:41:26","modified_gmt":"2021-03-04T12:41:26","slug":"ddos-atak-onleme-destek","status":"publish","type":"page","link":"https:\/\/netbone.com.tr\/kurumsal\/yardim\/guvenlik\/ddos-atak-onleme-destek\/","title":{"rendered":"DDoS Atak \u00d6nleme Destek"},"content":{"rendered":"<p>[vc_row rt_row_background_width=&#8221;default&#8221; rt_row_style=&#8221;default-style&#8221; rt_row_borders=&#8221;&#8221; rt_row_paddings=&#8221;true&#8221; rt_bg_effect=&#8221;classic&#8221; rt_bg_image_repeat=&#8221;repeat&#8221; rt_bg_size=&#8221;cover&#8221; rt_bg_position=&#8221;right top&#8221; rt_bg_attachment=&#8221;scroll&#8221; rt_bg_video_format=&#8221;self-hosted&#8221;][vc_column rt_wrp_col_paddings=&#8221;false&#8221; rt_border_top=&#8221;&#8221; rt_border_bottom=&#8221;&#8221; rt_border_left=&#8221;&#8221; rt_border_right=&#8221;&#8221; rt_border_top_mobile=&#8221;&#8221; rt_border_bottom_mobile=&#8221;&#8221; rt_border_left_mobile=&#8221;&#8221; rt_border_right_mobile=&#8221;&#8221; rt_bg_image_repeat=&#8221;repeat&#8221; rt_bg_size=&#8221;auto auto&#8221; rt_bg_position=&#8221;right top&#8221; rt_bg_attachment=&#8221;scroll&#8221;]<div class=\"rt_heading_wrapper \">\n\t\t\t\t\t\t<h1 class=\"rt_heading  \" >DDoS Atak \u00d6nleme<\/h1>\n\t\t\t\t\t<\/div>[\/vc_column][\/vc_row][vc_row rt_row_background_width=&#8221;default&#8221; rt_row_style=&#8221;default-style&#8221; rt_row_borders=&#8221;&#8221; rt_row_paddings=&#8221;true&#8221; rt_bg_effect=&#8221;classic&#8221; rt_bg_image_repeat=&#8221;repeat&#8221; rt_bg_size=&#8221;cover&#8221; rt_bg_position=&#8221;right top&#8221; rt_bg_attachment=&#8221;scroll&#8221; rt_bg_video_format=&#8221;self-hosted&#8221;][vc_column rt_wrp_col_paddings=&#8221;false&#8221; rt_border_top=&#8221;&#8221; rt_border_bottom=&#8221;&#8221; rt_border_left=&#8221;&#8221; rt_border_right=&#8221;&#8221; rt_border_top_mobile=&#8221;&#8221; rt_border_bottom_mobile=&#8221;&#8221; rt_border_left_mobile=&#8221;&#8221; rt_border_right_mobile=&#8221;&#8221; rt_bg_image_repeat=&#8221;repeat&#8221; rt_bg_size=&#8221;auto auto&#8221; rt_bg_position=&#8221;right top&#8221; rt_bg_attachment=&#8221;scroll&#8221;][vc_tta_accordion style=&#8221;modern&#8221; active_section=&#8221;0&#8243; collapsible_all=&#8221;true&#8221;][vc_tta_section title=&#8221;Servisten faydalanmak i\u00e7in Netbone ADSL, fiber ya da di\u011fer bir internet aboneli\u011fi zorunlulu\u011fu var m\u0131?&#8221; tab_id=&#8221;servisten-faydalanmak-icin&#8221;][vc_column_text]Ataklar\u0131n sezilebilmesi i\u00e7in internet trafi\u011finin Netbone omurgas\u0131 \u00fczerinden ge\u00e7mesi gerekmektedir. Bu y\u00fczden DDoS Atak \u00d6nleme hizmeti alabilmek i\u00e7in Netbone\u2019dan herhangi bir internet aboneli\u011fi olmas\u0131 zorunludur.[\/vc_column_text][\/vc_tta_section][vc_tta_section title=&#8221;Hizmet beni ne b\u00fcy\u00fckl\u00fckte bir ata\u011fa kar\u015f\u0131 koruyabilir?&#8221; tab_id=&#8221;hizmet-beni-ne-buyuklukte-bir-ataga-karsi-koruyabilir&#8221;][vc_column_text]DDoS Atak \u00d6nleme hizmeti sizleri 10 Gbps b\u00fcy\u00fckl\u00fc\u011f\u00fcnde bir ata\u011fa kar\u015f\u0131 koruyabilmektedir. T\u00fcrkiye\u2019de hen\u00fcz bu b\u00fcy\u00fckl\u00fckte bir atak yap\u0131lamam\u0131\u015ft\u0131r.[\/vc_column_text][\/vc_tta_section][vc_tta_section title=&#8221;Bu hizmet i\u00e7in herhangi bir cihaz yat\u0131r\u0131m\u0131na gerek var m\u0131d\u0131r?&#8221; tab_id=&#8221;bu-hizmet-icin-herhangi-bir-cihaz-yatirimina-gerek-var-midir&#8221;][vc_column_text]DDoS Atak \u00d6nleme hizmeti i\u00e7in herhangi bir kurulum maliyeti ya da cihaz yat\u0131r\u0131m\u0131 gerekmemektedir.[\/vc_column_text][\/vc_tta_section][vc_tta_section title=&#8221;Sistem nas\u0131l \u00e7al\u0131\u015f\u0131yor?&#8221; tab_id=&#8221;sistem-nasil-calisiyor&#8221;][vc_column_text]DDoS Atak \u00d6nleme hizmeti sizin i\u00e7in aktif hale getirildikten sonra belirli bir s\u00fcre (tavsiye edilen zaman aral\u0131\u011f\u0131 2 haftad\u0131r) internet trafi\u011finiz sistem taraf\u0131ndan izlenir. Bu s\u00fcre zarf\u0131nda internet kullan\u0131m\u0131n\u0131z analiz edilir. \u00d6\u011frenme periyodu sonras\u0131nda atak \u00f6nleme sistemi tam olarak koruma durumuna ge\u00e7er ve standart d\u0131\u015f\u0131 bir internet trafi\u011fi olu\u015ftu\u011funda kirli trafik engellenerek sizlere temiz internet trafi\u011fi iletilir.[\/vc_column_text][\/vc_tta_section][vc_tta_section title=&#8221;Kurulum nas\u0131l ger\u00e7ekle\u015ftirilecek?&#8221; tab_id=&#8221;kurulumum-nasil-gerceklesitirilecek&#8221;][vc_column_text]Sizlere iletilen talep formu ilgili sat\u0131\u015f y\u00f6neticimiz taraf\u0131ndan doldurulur ve aktivasyon Netbone taraf\u0131ndan ger\u00e7ekle\u015ftirilerek sizlere bilgi iletilir.[\/vc_column_text][\/vc_tta_section][vc_tta_section title=&#8221;Hizmeti nerelerden sat\u0131n alabilirim?&#8221; tab_id=&#8221;hizmeti-nerelerden-satin-alabilirim&#8221;][vc_column_text]Hizmeti sat\u0131n almak i\u00e7in online ba\u015fvuru<a href=\"http:\/\/www.superonline.net\/kurumsal\/urunler\/akilli-bulut\/ddos-atak-onleme\/hemen-basvur\">\u200b<\/a>\u200b formunu doldurabilir ya da Netbone sat\u0131\u015f y\u00f6neticiniz ile irtibata ge\u00e7ebilirsiniz. Ayr\u0131ca 0 850 839 0 839 Netbone M\u00fc\u015fteri Hizmetleri\u2019nden servise kat\u0131l\u0131m i\u00e7in talepte bulunabilirsiniz.[\/vc_column_text][\/vc_tta_section][\/vc_tta_accordion][\/vc_column][\/vc_row]<\/p>\n","protected":false},"excerpt":{"rendered":"<p>[vc_row rt_row_background_width=&#8221;default&#8221; rt_row_style=&#8221;default-style&#8221; rt_row_borders=&#8221;&#8221; rt_row_paddings=&#8221;true&#8221; rt_bg_effect=&#8221;classic&#8221; rt_bg_image_repeat=&#8221;repeat&#8221; rt_bg_size=&#8221;cover&#8221; rt_bg_position=&#8221;right top&#8221; rt_bg_attachment=&#8221;scroll&#8221; rt_bg_video_format=&#8221;self-hosted&#8221;][vc_column rt_wrp_col_paddings=&#8221;false&#8221; rt_border_top=&#8221;&#8221; rt_border_bottom=&#8221;&#8221; rt_border_left=&#8221;&#8221; rt_border_right=&#8221;&#8221; rt_border_top_mobile=&#8221;&#8221; rt_border_bottom_mobile=&#8221;&#8221; rt_border_left_mobile=&#8221;&#8221; rt_border_right_mobile=&#8221;&#8221; rt_bg_image_repeat=&#8221;repeat&#8221; rt_bg_size=&#8221;auto auto&#8221; rt_bg_position=&#8221;right top&#8221; rt_bg_attachment=&#8221;scroll&#8221;][\/vc_column][\/vc_row][vc_row rt_row_background_width=&#8221;default&#8221; rt_row_style=&#8221;default-style&#8221; rt_row_borders=&#8221;&#8221; rt_row_paddings=&#8221;true&#8221; rt_bg_effect=&#8221;classic&#8221; rt_bg_image_repeat=&#8221;repeat&#8221; rt_bg_size=&#8221;cover&#8221; rt_bg_position=&#8221;right top&#8221; rt_bg_attachment=&#8221;scroll&#8221; rt_bg_video_format=&#8221;self-hosted&#8221;][vc_column rt_wrp_col_paddings=&#8221;false&#8221; rt_border_top=&#8221;&#8221; rt_border_bottom=&#8221;&#8221; rt_border_left=&#8221;&#8221; rt_border_right=&#8221;&#8221; rt_border_top_mobile=&#8221;&#8221; rt_border_bottom_mobile=&#8221;&#8221; rt_border_left_mobile=&#8221;&#8221; rt_border_right_mobile=&#8221;&#8221; rt_bg_image_repeat=&#8221;repeat&#8221; rt_bg_size=&#8221;auto auto&#8221; rt_bg_position=&#8221;right top&#8221; rt_bg_attachment=&#8221;scroll&#8221;][vc_tta_accordion style=&#8221;modern&#8221; active_section=&#8221;0&#8243; [&hellip;]<\/p>\n","protected":false},"author":1,"featured_media":0,"parent":4456,"menu_order":0,"comment_status":"closed","ping_status":"closed","template":"","meta":{"footnotes":""},"class_list":["post-4634","page","type-page","status-publish","hentry"],"_links":{"self":[{"href":"https:\/\/netbone.com.tr\/kurumsal\/wp-json\/wp\/v2\/pages\/4634","targetHints":{"allow":["GET"]}}],"collection":[{"href":"https:\/\/netbone.com.tr\/kurumsal\/wp-json\/wp\/v2\/pages"}],"about":[{"href":"https:\/\/netbone.com.tr\/kurumsal\/wp-json\/wp\/v2\/types\/page"}],"author":[{"embeddable":true,"href":"https:\/\/netbone.com.tr\/kurumsal\/wp-json\/wp\/v2\/users\/1"}],"replies":[{"embeddable":true,"href":"https:\/\/netbone.com.tr\/kurumsal\/wp-json\/wp\/v2\/comments?post=4634"}],"version-history":[{"count":4,"href":"https:\/\/netbone.com.tr\/kurumsal\/wp-json\/wp\/v2\/pages\/4634\/revisions"}],"predecessor-version":[{"id":5090,"href":"https:\/\/netbone.com.tr\/kurumsal\/wp-json\/wp\/v2\/pages\/4634\/revisions\/5090"}],"up":[{"embeddable":true,"href":"https:\/\/netbone.com.tr\/kurumsal\/wp-json\/wp\/v2\/pages\/4456"}],"wp:attachment":[{"href":"https:\/\/netbone.com.tr\/kurumsal\/wp-json\/wp\/v2\/media?parent=4634"}],"curies":[{"name":"wp","href":"https:\/\/api.w.org\/{rel}","templated":true}]}}