{"id":4640,"date":"2021-02-15T01:08:31","date_gmt":"2021-02-14T22:08:31","guid":{"rendered":"https:\/\/netbone.com.tr\/kurumsal\/?page_id=4640"},"modified":"2021-03-04T15:46:28","modified_gmt":"2021-03-04T12:46:28","slug":"sanal-santral-destek","status":"publish","type":"page","link":"https:\/\/netbone.com.tr\/kurumsal\/yardim\/butunlesik-iletisim\/sanal-santral-destek\/","title":{"rendered":"Sanal Santral Destek"},"content":{"rendered":"<p>[vc_row rt_row_background_width=&#8221;default&#8221; rt_row_style=&#8221;default-style&#8221; rt_row_borders=&#8221;&#8221; rt_row_paddings=&#8221;true&#8221; rt_bg_effect=&#8221;classic&#8221; rt_bg_image_repeat=&#8221;repeat&#8221; rt_bg_size=&#8221;cover&#8221; rt_bg_position=&#8221;right top&#8221; rt_bg_attachment=&#8221;scroll&#8221; rt_bg_video_format=&#8221;self-hosted&#8221;][vc_column rt_wrp_col_paddings=&#8221;false&#8221; rt_border_top=&#8221;&#8221; rt_border_bottom=&#8221;&#8221; rt_border_left=&#8221;&#8221; rt_border_right=&#8221;&#8221; rt_border_top_mobile=&#8221;&#8221; rt_border_bottom_mobile=&#8221;&#8221; rt_border_left_mobile=&#8221;&#8221; rt_border_right_mobile=&#8221;&#8221; rt_bg_image_repeat=&#8221;repeat&#8221; rt_bg_size=&#8221;auto auto&#8221; rt_bg_position=&#8221;right top&#8221; rt_bg_attachment=&#8221;scroll&#8221;]<div class=\"rt_heading_wrapper \">\n\t\t\t\t\t\t<h1 class=\"rt_heading  \" >Sanal Santral<\/h1>\n\t\t\t\t\t<\/div>[\/vc_column][\/vc_row][vc_row rt_row_background_width=&#8221;default&#8221; rt_row_style=&#8221;default-style&#8221; rt_row_borders=&#8221;&#8221; rt_row_paddings=&#8221;true&#8221; rt_bg_effect=&#8221;classic&#8221; rt_bg_image_repeat=&#8221;repeat&#8221; rt_bg_size=&#8221;cover&#8221; rt_bg_position=&#8221;right top&#8221; rt_bg_attachment=&#8221;scroll&#8221; rt_bg_video_format=&#8221;self-hosted&#8221;][vc_column rt_wrp_col_paddings=&#8221;false&#8221; rt_border_top=&#8221;&#8221; rt_border_bottom=&#8221;&#8221; rt_border_left=&#8221;&#8221; rt_border_right=&#8221;&#8221; rt_border_top_mobile=&#8221;&#8221; rt_border_bottom_mobile=&#8221;&#8221; rt_border_left_mobile=&#8221;&#8221; rt_border_right_mobile=&#8221;&#8221; rt_bg_image_repeat=&#8221;repeat&#8221; rt_bg_size=&#8221;auto auto&#8221; rt_bg_position=&#8221;right top&#8221; rt_bg_attachment=&#8221;scroll&#8221;][vc_tta_accordion style=&#8221;modern&#8221; active_section=&#8221;0&#8243; collapsible_all=&#8221;true&#8221;][vc_tta_section title=&#8221;Sanal Santral hizmeti ald\u0131\u011f\u0131m zaman kesinti problemi ya\u015far m\u0131y\u0131m?&#8221; tab_id=&#8221;sanal-santral-hizmeti-aldigim-zaman-kesinti-problemi-yasar-miyim&#8221;][vc_column_text]Sanal Santral hizmeti, \u015febekemizde 7\/24 g\u00f6zledi\u011fimiz sistemler \u00fczerinden verilmektedir, bu sebeple donan\u0131m tabanl\u0131 bir santral \u00e7\u00f6z\u00fcm\u00fcne k\u0131yasla daha g\u00fcvenli bir servis seviyesi sa\u011flar.[\/vc_column_text][\/vc_tta_section][vc_tta_section title=&#8221;Sanal Santral hizmeti al\u0131rken veri ba\u011flant\u0131m kesilirse ne olur?&#8221; tab_id=&#8221;sanal-santral-hizmeti-alirken-veri-baglantim-kesilirse&#8221;][vc_column_text]Sanal Santral hizmeti kapsam\u0131ndaki katma de\u011ferli \u00f6zellikleri kullanarak her zaman ula\u015f\u0131l\u0131r olabilirsiniz. Ula\u015f\u0131lamad\u0131\u011f\u0131n\u0131z durumlar i\u00e7in mobil telefonunuza ya da bir ba\u015fka ofisin telefonuna y\u00f6nlendirme yapabilirsiniz.[\/vc_column_text][\/vc_tta_section][vc_tta_section title=&#8221;Sanal Santral ile mevcut IP telefonlar\u0131m\u0131 kullanabilir miyim?&#8221; tab_id=&#8221;sanal-santral-ile-mevcut-ip-telefonlarimi-kullanabilir-miyim&#8221;][vc_column_text]Ak\u0131ll\u0131 Santral hizmetini, \u00fcr\u00fcn katalo\u011funda yer alan IP telefon setleri ile birlikte kullanabilirsiniz.[\/vc_column_text][\/vc_tta_section][vc_tta_section title=&#8221;Sanal Santral ile mevcut analog telefonlar\u0131m\u0131 kullanabilir miyim?&#8221; tab_id=&#8221;sanal-santral-ile-mevcut-analog-telefonlarimi-kullabilir-miyim&#8221;][vc_column_text]Sanal Santral hizmetini, \u00fcr\u00fcn katalo\u011funda yer alan IP telefon setleri ile birlikte kullanabilirsiniz.[\/vc_column_text][\/vc_tta_section][vc_tta_section title=&#8221;Sanal Santral ile mevcut santralimi birlikte kullanabilir miyim?&#8221; tab_id=&#8221;sanal-santrral-ile-mevcut-santralimi-birlikte-kullanabilir-miyim&#8221;][vc_column_text]<\/p>\n<article class=\"content-box content-module footer-margin\">\n<div class=\"separate bot-m \"><span class=\"support-text cms_contents\">Sanal Santral\u2019in SIP Trunk \u00f6zelli\u011fi ile mevcut santralinize ba\u011fl\u0131 olan ofis telefonlar\u0131n\u0131n, s\u0131n\u0131rl\u0131 yeteneklerle de olsa Sanal Santral hizmetinden yararlanmas\u0131n\u0131 sa\u011flayabilirsiniz.<\/span><\/div>\n<\/article>\n<aside class=\"sidebar sep-top\">\n<div class=\"head\"><\/div>\n<\/aside>\n<p>[\/vc_column_text][\/vc_tta_section][\/vc_tta_accordion][\/vc_column][\/vc_row]<\/p>\n","protected":false},"excerpt":{"rendered":"<p>[vc_row rt_row_background_width=&#8221;default&#8221; rt_row_style=&#8221;default-style&#8221; rt_row_borders=&#8221;&#8221; rt_row_paddings=&#8221;true&#8221; rt_bg_effect=&#8221;classic&#8221; rt_bg_image_repeat=&#8221;repeat&#8221; rt_bg_size=&#8221;cover&#8221; rt_bg_position=&#8221;right top&#8221; rt_bg_attachment=&#8221;scroll&#8221; rt_bg_video_format=&#8221;self-hosted&#8221;][vc_column rt_wrp_col_paddings=&#8221;false&#8221; rt_border_top=&#8221;&#8221; rt_border_bottom=&#8221;&#8221; rt_border_left=&#8221;&#8221; rt_border_right=&#8221;&#8221; rt_border_top_mobile=&#8221;&#8221; rt_border_bottom_mobile=&#8221;&#8221; rt_border_left_mobile=&#8221;&#8221; rt_border_right_mobile=&#8221;&#8221; rt_bg_image_repeat=&#8221;repeat&#8221; rt_bg_size=&#8221;auto auto&#8221; rt_bg_position=&#8221;right top&#8221; rt_bg_attachment=&#8221;scroll&#8221;][\/vc_column][\/vc_row][vc_row rt_row_background_width=&#8221;default&#8221; rt_row_style=&#8221;default-style&#8221; rt_row_borders=&#8221;&#8221; rt_row_paddings=&#8221;true&#8221; rt_bg_effect=&#8221;classic&#8221; rt_bg_image_repeat=&#8221;repeat&#8221; rt_bg_size=&#8221;cover&#8221; rt_bg_position=&#8221;right top&#8221; rt_bg_attachment=&#8221;scroll&#8221; rt_bg_video_format=&#8221;self-hosted&#8221;][vc_column rt_wrp_col_paddings=&#8221;false&#8221; rt_border_top=&#8221;&#8221; rt_border_bottom=&#8221;&#8221; rt_border_left=&#8221;&#8221; rt_border_right=&#8221;&#8221; rt_border_top_mobile=&#8221;&#8221; rt_border_bottom_mobile=&#8221;&#8221; rt_border_left_mobile=&#8221;&#8221; rt_border_right_mobile=&#8221;&#8221; rt_bg_image_repeat=&#8221;repeat&#8221; rt_bg_size=&#8221;auto auto&#8221; rt_bg_position=&#8221;right top&#8221; rt_bg_attachment=&#8221;scroll&#8221;][vc_tta_accordion style=&#8221;modern&#8221; active_section=&#8221;0&#8243; [&hellip;]<\/p>\n","protected":false},"author":1,"featured_media":0,"parent":4458,"menu_order":0,"comment_status":"closed","ping_status":"closed","template":"","meta":{"footnotes":""},"class_list":["post-4640","page","type-page","status-publish","hentry"],"_links":{"self":[{"href":"https:\/\/netbone.com.tr\/kurumsal\/wp-json\/wp\/v2\/pages\/4640","targetHints":{"allow":["GET"]}}],"collection":[{"href":"https:\/\/netbone.com.tr\/kurumsal\/wp-json\/wp\/v2\/pages"}],"about":[{"href":"https:\/\/netbone.com.tr\/kurumsal\/wp-json\/wp\/v2\/types\/page"}],"author":[{"embeddable":true,"href":"https:\/\/netbone.com.tr\/kurumsal\/wp-json\/wp\/v2\/users\/1"}],"replies":[{"embeddable":true,"href":"https:\/\/netbone.com.tr\/kurumsal\/wp-json\/wp\/v2\/comments?post=4640"}],"version-history":[{"count":4,"href":"https:\/\/netbone.com.tr\/kurumsal\/wp-json\/wp\/v2\/pages\/4640\/revisions"}],"predecessor-version":[{"id":5094,"href":"https:\/\/netbone.com.tr\/kurumsal\/wp-json\/wp\/v2\/pages\/4640\/revisions\/5094"}],"up":[{"embeddable":true,"href":"https:\/\/netbone.com.tr\/kurumsal\/wp-json\/wp\/v2\/pages\/4458"}],"wp:attachment":[{"href":"https:\/\/netbone.com.tr\/kurumsal\/wp-json\/wp\/v2\/media?parent=4640"}],"curies":[{"name":"wp","href":"https:\/\/api.w.org\/{rel}","templated":true}]}}