{"id":3659,"date":"2021-02-18T01:10:32","date_gmt":"2021-02-17T22:10:32","guid":{"rendered":"https:\/\/netbone.com.tr\/toptan\/?page_id=3659"},"modified":"2021-02-23T19:37:28","modified_gmt":"2021-02-23T16:37:28","slug":"vod-altyapi-hizmeti","status":"publish","type":"page","link":"https:\/\/netbone.com.tr\/toptan\/vod-altyapi-hizmeti\/","title":{"rendered":"VOD Altyap\u0131 Hizmeti"},"content":{"rendered":"<p>[vc_row rt_row_background_width=&#8221;default&#8221; rt_row_style=&#8221;default-style&#8221; rt_row_borders=&#8221;&#8221; rt_row_paddings=&#8221;true&#8221; rt_bg_effect=&#8221;classic&#8221; rt_bg_image_repeat=&#8221;repeat&#8221; rt_bg_size=&#8221;cover&#8221; rt_bg_position=&#8221;right top&#8221; rt_bg_attachment=&#8221;scroll&#8221; rt_bg_video_format=&#8221;self-hosted&#8221;][vc_column width=&#8221;1\/4&#8243; rt_wrp_col_paddings=&#8221;false&#8221; rt_border_top=&#8221;&#8221; rt_border_bottom=&#8221;&#8221; rt_border_left=&#8221;&#8221; rt_border_right=&#8221;&#8221; rt_border_top_mobile=&#8221;&#8221; rt_border_bottom_mobile=&#8221;&#8221; rt_border_left_mobile=&#8221;&#8221; rt_border_right_mobile=&#8221;&#8221; rt_bg_image_repeat=&#8221;repeat&#8221; rt_bg_size=&#8221;auto auto&#8221; rt_bg_position=&#8221;right top&#8221; rt_bg_attachment=&#8221;scroll&#8221;]<div class=\"rt_heading_wrapper \">\n\t\t\t\t\t\t<h1 class=\"rt_heading  \" >VOD Altyap\u0131 Hizmeti<\/h1>\n\t\t\t\t\t<\/div>[\/vc_column][vc_column width=&#8221;3\/4&#8243; rt_wrp_col_paddings=&#8221;false&#8221; rt_border_top=&#8221;&#8221; rt_border_bottom=&#8221;&#8221; rt_border_left=&#8221;&#8221; rt_border_right=&#8221;&#8221; rt_border_top_mobile=&#8221;&#8221; rt_border_bottom_mobile=&#8221;&#8221; rt_border_left_mobile=&#8221;&#8221; rt_border_right_mobile=&#8221;&#8221; rt_bg_image_repeat=&#8221;repeat&#8221; rt_bg_size=&#8221;auto auto&#8221; rt_bg_position=&#8221;right top&#8221; rt_bg_attachment=&#8221;scroll&#8221;][vc_column_text]<span style=\"color: #000000;\">IP \u00fczerinden sunulan video servisleri \u201ccanl\u0131 yay\u0131n servisi\u201d ve \u201ctalebe ba\u011fl\u0131 video\u201d (Video On Demand = VOD) olarak iki ana b\u00f6l\u00fcme ayr\u0131l\u0131r. \u201cCanl\u0131 yay\u0131n servisi\u201d ile, bir ana merkezden u\u00e7 noktalara belirli bir video\/tv yay\u0131n\u0131n ayn\u0131 anda ve ayn\u0131 \u015fekilde g\u00f6nderilmesi anla\u015f\u0131l\u0131rken; \u201ctalebe ba\u011fl\u0131 video\u201d (VOD) ile, daha \u00f6nce bir sunucu\/ayg\u0131t \u00fczerine kaydedilmi\u015f video ve yay\u0131nlar\u0131n, sadece talep eden kullan\u0131c\u0131lara g\u00f6nderilmesi servisi anla\u015f\u0131lmaktad\u0131r. \u0130SS\u2019lerin, son kullan\u0131c\u0131lara IPTV-canl\u0131 yay\u0131n servisinin sunmas\u0131 amac\u0131yla hali haz\u0131rda Netbone\u2019un Netbone IPTV Altyap\u0131 Hizmeti pazara sunulmu\u015ftur., \u0130\u015fletmecilerin son kullan\u0131c\u0131lara \u201ctalebe ba\u011fl\u0131 video\u201d (VOD) servisinin sunulmas\u0131n\u0131 sa\u011flayacak altyap\u0131 hizmeti de Netbone altyap\u0131s\u0131 \u00fczerinden pazara sunulmaktad\u0131r. \u201cCanl\u0131 yay\u0131n servisi\u201d ve \u201cTalebe ba\u011fl\u0131 video\u201d hizmetlerini birbirinden ay\u0131ran en temel \u00f6zellik \u201cCanl\u0131 yay\u0131n servisi\u201dnin MULTICAST VPN tabanl\u0131 \u00e7al\u0131\u015fmas\u0131, \u201cTalebe ba\u011fl\u0131 video\u201d hizmetinin UNICAST VPN tabanl\u0131 \u00e7al\u0131\u015fmas\u0131d\u0131r.<\/span>[\/vc_column_text][\/vc_column][\/vc_row]<\/p>\n","protected":false},"excerpt":{"rendered":"<p>[vc_row rt_row_background_width=&#8221;default&#8221; rt_row_style=&#8221;default-style&#8221; rt_row_borders=&#8221;&#8221; rt_row_paddings=&#8221;true&#8221; rt_bg_effect=&#8221;classic&#8221; rt_bg_image_repeat=&#8221;repeat&#8221; rt_bg_size=&#8221;cover&#8221; rt_bg_position=&#8221;right top&#8221; rt_bg_attachment=&#8221;scroll&#8221; rt_bg_video_format=&#8221;self-hosted&#8221;][vc_column width=&#8221;1\/4&#8243; rt_wrp_col_paddings=&#8221;false&#8221; rt_border_top=&#8221;&#8221; rt_border_bottom=&#8221;&#8221; rt_border_left=&#8221;&#8221; rt_border_right=&#8221;&#8221; rt_border_top_mobile=&#8221;&#8221; rt_border_bottom_mobile=&#8221;&#8221; rt_border_left_mobile=&#8221;&#8221; rt_border_right_mobile=&#8221;&#8221; rt_bg_image_repeat=&#8221;repeat&#8221; rt_bg_size=&#8221;auto auto&#8221; rt_bg_position=&#8221;right top&#8221; rt_bg_attachment=&#8221;scroll&#8221;][\/vc_column][vc_column width=&#8221;3\/4&#8243; rt_wrp_col_paddings=&#8221;false&#8221; rt_border_top=&#8221;&#8221; rt_border_bottom=&#8221;&#8221; rt_border_left=&#8221;&#8221; rt_border_right=&#8221;&#8221; rt_border_top_mobile=&#8221;&#8221; rt_border_bottom_mobile=&#8221;&#8221; rt_border_left_mobile=&#8221;&#8221; rt_border_right_mobile=&#8221;&#8221; rt_bg_image_repeat=&#8221;repeat&#8221; rt_bg_size=&#8221;auto auto&#8221; rt_bg_position=&#8221;right top&#8221; rt_bg_attachment=&#8221;scroll&#8221;][vc_column_text]IP \u00fczerinden sunulan video servisleri \u201ccanl\u0131 yay\u0131n servisi\u201d ve \u201ctalebe ba\u011fl\u0131 video\u201d [&hellip;]<\/p>\n","protected":false},"author":1,"featured_media":0,"parent":0,"menu_order":0,"comment_status":"closed","ping_status":"closed","template":"","meta":{"footnotes":""},"class_list":["post-3659","page","type-page","status-publish","hentry"],"_links":{"self":[{"href":"https:\/\/netbone.com.tr\/toptan\/wp-json\/wp\/v2\/pages\/3659","targetHints":{"allow":["GET"]}}],"collection":[{"href":"https:\/\/netbone.com.tr\/toptan\/wp-json\/wp\/v2\/pages"}],"about":[{"href":"https:\/\/netbone.com.tr\/toptan\/wp-json\/wp\/v2\/types\/page"}],"author":[{"embeddable":true,"href":"https:\/\/netbone.com.tr\/toptan\/wp-json\/wp\/v2\/users\/1"}],"replies":[{"embeddable":true,"href":"https:\/\/netbone.com.tr\/toptan\/wp-json\/wp\/v2\/comments?post=3659"}],"version-history":[{"count":4,"href":"https:\/\/netbone.com.tr\/toptan\/wp-json\/wp\/v2\/pages\/3659\/revisions"}],"predecessor-version":[{"id":3726,"href":"https:\/\/netbone.com.tr\/toptan\/wp-json\/wp\/v2\/pages\/3659\/revisions\/3726"}],"wp:attachment":[{"href":"https:\/\/netbone.com.tr\/toptan\/wp-json\/wp\/v2\/media?parent=3659"}],"curies":[{"name":"wp","href":"https:\/\/api.w.org\/{rel}","templated":true}]}}